 greatest common factor of 29784 and 1049733.
51
Calculate the greatest common factor of 2718 and 2494520.
302
Calculate the greatest common divisor of 1590099 and 552363.
609
What is the highest common divisor of 29340207 and 183?
183
What is the highest common factor of 271833 and 82669?
361
What is the highest common divisor of 3173088 and 20736?
96
What is the greatest common factor of 36 and 43422714?
18
What is the highest common divisor of 225 and 571136670?
45
Calculate the greatest common factor of 23375160 and 329904.
2088
Calculate the greatest common factor of 342 and 29465352.
342
What is the greatest common factor of 84388423 and 14?
7
What is the greatest common divisor of 213767385 and 26?
13
What is the greatest common factor of 360 and 4368456?
72
What is the greatest common divisor of 2322 and 49398?
6
What is the greatest common divisor of 4859 and 112209?
113
What is the highest common factor of 7254 and 575298?
558
Calculate the greatest common divisor of 11507255 and 6319.
89
What is the greatest common factor of 20251998 and 374?
34
What is the greatest common factor of 24963924 and 84?
12
What is the highest common divisor of 20826002 and 58?
58
Calculate the greatest common factor of 238521 and 114294.
129
Calculate the highest common factor of 53695583 and 379.
379
Calculate the greatest common divisor of 2836 and 16869946.
1418
Calculate the greatest common factor of 12276060 and 60.
60
What is the highest common factor of 6118084 and 20398?
658
Calculate the greatest common factor of 84810691 and 14.
7
What is the highest common factor of 327437 and 103345?
11
Calculate the highest common factor of 40278 and 117852.
42
Calculate the greatest common factor of 2502 and 17592462.
18
What is the greatest common factor of 536736 and 216?
24
Calculate the greatest common divisor of 16050 and 302668225.
2675
Calculate the highest common factor of 371967024 and 2.
2
What is the greatest common factor of 15447 and 1861107?
57
What is the greatest common factor of 18921855 and 163?
163
What is the highest common divisor of 350299701 and 54?
27
Calculate the greatest common factor of 4412 and 53878241.
1103
What is the highest common factor of 375 and 4858725?
75
Calculate the greatest common divisor of 3992508 and 60.
12
What is the highest common divisor of 7488976 and 128?
16
What is the greatest common divisor of 10625 and 5457?
17
Calculate the highest common divisor of 1377 and 26788158.
1377
Calculate the greatest common factor of 4624704 and 4340.
868
Calculate the highest common divisor of 99787371 and 669.
669
Calculate the greatest common factor of 140058 and 1173474.
558
What is the highest common divisor of 5810 and 165700038?
1162
Calculate the highest common divisor of 726 and 75360.
6
What is the highest common divisor of 581301 and 78687?
63
Calculate the highest common factor of 2347320 and 81840.
3720
What is the greatest common divisor of 242690 and 112?
14
What is the highest common divisor of 18463 and 4016451?
499
Calculate the highest common factor of 119313843 and 33.
33
What is the highest common divisor of 1952937 and 3?
3
Calculate the highest common divisor of 14511022 and 211508.
874
What is the highest common divisor of 220894 and 2812?
38
What is the highest common factor of 14355 and 7990515?
1305
Calculate the greatest common divisor of 2652402 and 8418.
366
What is the greatest common factor of 7117 and 251977?
11
Calculate the greatest common factor of 14 and 61210450.
14
What is the highest common divisor of 4152 and 8764872?
4152
What is the highest common divisor of 433242 and 1218366?
2034
What is the greatest common divisor of 6999395 and 13?
13
Calculate the greatest common divisor of 4400 and 40072.
8
Calculate the greatest common divisor of 5491 and 112613.
19
Calculate the highest common divisor of 1062 and 166026.
354
What is the highest common divisor of 249 and 85255027?
83
What is the highest common divisor of 2241056 and 47200?
1888
What is the highest common factor of 847 and 635195?
11
Calculate the greatest common factor of 11368161 and 567.
189
Calculate the greatest common divisor of 100 and 114436550.
50
Calculate the highest common factor of 1088 and 8813344.
544
What is the greatest common factor of 71317500 and 592?
148
Calculate the highest common factor of 30 and 95787085.
5
Calculate the highest common factor of 477733707 and 214.
107
What is the greatest common factor of 4968 and 40089?
69
What is the highest common divisor of 220976352 and 1728?
288
Calculate the greatest common factor of 126 and 389458104.
42
What is the greatest common divisor of 25 and 237086700?
25
Calculate the highest common divisor of 190338 and 1626.
6
What is the greatest common divisor of 366 and 104881692?
366
What is the highest common factor of 821060 and 101260?
1220
Calculate the highest common divisor of 2106 and 7406334.
234
Calculate the highest common factor of 862 and 123924568.
862
Calculate the greatest common factor of 5344 and 30773591.
167
What is the highest common factor of 1261390242 and 138?
138
Calculate the highest common divisor of 55 and 50847.
1
Calculate the greatest common divisor of 396639343 and 2361.
787
Calculate the highest common divisor of 1871 and 10550569.
1871
Calculate the highest common divisor of 132160 and 12837440.
2240
Calculate the highest common factor of 645832 and 22099.
451
Calculate the highest common divisor of 3245918 and 786.
262
Calculate the highest common divisor of 26462302 and 4182.
1394
What is the greatest common divisor of 3598 and 31166086?
14
Calculate the highest common factor of 489 and 81814916.
163
What is the highest common factor of 42111533 and 3111?
1037
What is the greatest common factor of 339738 and 11102?
14
What is the greatest common divisor of 56 and 110519906?
14
What is the greatest common factor of 221 and 77115077?
221
What is the greatest common divisor of 561 and 359084?
11
What is the highest common divisor of 2 and 92784286?
2
What is the greatest common factor of 14 and 1811873?
7
Calculate the greatest common factor of 581448000 and 210.
210
What is the greatest common factor of 2 and 86856284?
2
What is the greatest common factor of 185 and 6346869?
37
Calculate the highest common divisor of 217 and 8319507.
7
Calculate the greatest common factor of 302 and 8312.
2
What is the greatest common divisor of 2242 and 62673989?
1121
What is the greatest common divisor of 63078820 and 10?
10
What is the greatest common factor of 3672747 and 4329?
117
What is the greatest common factor of 6767 and 1555204?
67
Calculate the greatest common divisor of 11 and 496144946.
11
Calculate the greatest common factor of 2857653 and 188352.
2943
Calculate the greatest common divisor of 299489466 and 5484.
2742
What is the highest common factor of 43147762 and 826?
826
Calculate the greatest common factor of 172 and 43800402.
86
What is the highest common divisor of 3101370 and 6270?
570
What is the greatest common divisor of 40987 and 3655?
17
Calculate the greatest common factor of 106974 and 3241.
7
Calculate the highest common divisor of 77 and 3789340093.
77
What is the highest common divisor of 900 and 3542580?
180
Calculate the highest common factor of 694 and 133019674.
694
What is the greatest common factor of 3623220 and 2460?
60
What is the highest common divisor of 1353006 and 1476?
18
Calculate the greatest common divisor of 19246 and 19.
1
Calculate the greatest common factor of 371563180 and 4384.
548
Calculate the highest common factor of 313515 and 33660.
45
Calculate the highest common factor of 1024 and 7970032.
16
Calculate the greatest common factor of 95 and 12021015.
95
Calculate the highest common divisor of 1845 and 1949058.
369
Calculate the highest common divisor of 30654052 and 2964.
52
Calculate the highest common factor of 315731 and 728.
13
What is the highest common divisor of 264 and 15456639?
33
Calculate the highest common factor of 36380 and 2482.
34
What is the highest common factor of 4602234 and 126?
42
What is the highest common factor of 5940 and 23346900?
540
Calculate the greatest common divisor of 7935636 and 36.
12
Calculate the greatest common divisor of 310 and 719532196